t w(r) = -2*u(r) - 3*x(r). Determine w(l).
-4
Let z(s) = -s - 2. Let w be 2/6 + 32/(-6). Let u = w + 0. Calculate z(u).
3
Suppose 2*f + 5*p = 14, -2*f + 5*f + 1 = -2*p. Let o(z) = -z + 7. Let s(u) = -2*u + 13. Let m(t) = f*s(t) + 5*o(t). Give m(3).
-1
Let p(f) be the third derivative of -f**4/24 - f**3/3 + 2*f**2. Let j be p(-4). Let t(s) = 24 - 14 - 11 + 4*s. Calculate t(j).
7
Suppose -2*j + 22 = -4*y + y, -j = -4*y - 21. Let f = 4 - 2. Let q(x) = 0 - x**3 - 5 - 5*x - 4*x**f + 5*x - 3*x. Give q(y).
7
Let k(q) be the first derivative of q**4/4 + 2*q**3 + 2*q**2 + 6*q - 4. Calculate k(-5).
11
Let r(z) = -2*z + 9. Suppose -58 = 7*y + 5. Let j = y - -17. What is r(j)?
-7
Let z(w) = w**3 - 5*w**2 - 5*w - 3. Let o = 43 - 37. What is z(o)?
3
Let s = 5 + -5. Let y(u) = 3*u + 1 + 3*u**2 - 2*u**3 - u**2 - 3*u**2 + s*u**2. Determine y(-2).
7
Let d(w) = w**3 - 12*w**2 + 10*w + 8. Let k be d(11). Let a(u) = -u**2 + 2*u + 4. What is a(k)?
-11
Let f(b) be the third derivative of b**6/120 + b**5/15 + b**4/6 - b**3/6 - 14*b**2. Let p(r) = -1 - 1 - 2*r + r**2 + r**3 - 1. Let q be p(-2). Determine f(q).
-4
Suppose 17 = -4*z + 5*v, v = 4*z - 3*v + 12. Suppose -6*b + 12 = -2*b. Let l(k) = k**2 + z + k - 3*k - b. Calculate l(2).
-1
Let n(l) = 4*l + 428*l**2 - 210*l**2 - 217*l**2. Determine n(-3).
-3
Let f(c) = c**3 - 4. Let r be f(2). Let l(p) be the third derivative of p**4/24 + p**3/2 + p**2. Give l(r).
7
Let u(l) = -2*l**2 + 11*l - 2. Let k(w) = -w**2 + 6*w - 1. Let f(r) = 7*k(r) - 4*u(r). Suppose 0 + 4 = 4*a. Let t = a + 0. Calculate f(t).
0
Let f(z) be the third derivative of 1/6*z**3 - 1/4*z**4 - z**2 + 0 + 0*z. Give f(-1).
7
Let n(j) = j**2 + 10*j + 8. Let b be n(-9). Let g = b - -3. Let p(l) = 2 + l**g - 2 - 4*l - 1. Calculate p(5).
4
Let n(q) = 2*q**3 + 3*q**2 - 3*q + 1. Suppose 0 = -9*m + 4*m + 15, m = -y. What is n(y)?
-17
Let a(p) = -1 - 19*p**2 - 4*p**3 + 5*p**3 + 22*p**2. Calculate a(-2).
3
Let s be (-6)/12 - 7/(-2). Let a be s/((-18)/4)*-3. Let n be ((-4)/(-5))/(a/5). Let o(y) = -y. Determine o(n).
-2
Let x(o) = -o**3 + 5*o**2 + 7*o - 4. Suppose 6*d + 6 = 7*d. Calculate x(d).
2
Let k(o) be the second derivative of o**4/12 - 2*o**3/3 + o**2 - 3*o. Calculate k(5).
7
Let r = 26 - 16. Suppose -3*y + x + x = r, 2*x = y + 6. Let j(a) = -2 - 2*a - 2*a**3 - 3*a**2 + a**2 - a**2. Calculate j(y).
6
Suppose -2*o + 3*r + 1 = 6, 0 = 5*o - 4*r - 5. Let m(l) be the first derivative of 2*l**2 - 3 - 1/3*l**3 + 5*l. Determine m(o).
0
Let l(x) = x**3 + x**2 - x + 4. Let h be (-2)/1 + 0 - -6. Suppose -h*d - 12 = -2*d. Let o be ((-2)/(-4))/(1/d). Give l(o).
-11
Let d(k) be the first derivative of -k**3/3 - 4*k**2 - 5*k - 2. Let r(j) be the first derivative of d(j). Give r(-6).
4
Let n(w) = 3*w. Let b(i) = 6*i + 1. Let d(s) = 3*b(s) - 7*n(s). Determine d(3).
-6
Let j = 28 - 39. Let s(k) = -k. What is s(j)?
11
Let v(u) = 4*u**2 - 1. Let n(l) = -l - 7. Let w be n(-7). Suppose 2*x + w*x + 4*y = -4, -4*x + y = 17. Let b = 3 + x. Determine v(b).
3
Let b(g) = -g**3 + g**2. Let n(f) = -2*f**2 + 3*f - 1. Let w be n(2). Let x be -3 + (w - -6)*1. Give b(x).
0
Let b(x) be the second derivative of -x**4/12 - x**3 + 5*x**2/2 - 5*x. Suppose -m + 5*m = -4*l - 32, -m = -2*l - 10. What is b(l)?
5
Let q(l) = l + 2. Let n(f) = -5*f - 5. Let v(o) = 14*o + 14. Let r(m) = -17*n(m) - 6*v(m). Let s be r(-3). What is q(s)?
0
Let k(p) = -3*p**3 - 6*p**2 - 6*p + 1. Let h(u) = -3*u**3 - 5*u**2 - 5*u + 1. Let t(q) = 6*h(q) - 5*k(q). Suppose -3*f = -3 - 0. Let x = 0 + f. Determine t(x).
-2
Suppose -2*t = -2*w, -3*w + 5*t + 32 = -6*w. Let r(g) = g**2 + 4*g - 5. Let k be r(w). Let y(l) = -l**3 - 6*l**2 - 5*l - 4. Give y(k).
-4
Let a(b) = b**2 + 7*b + 6. Let j(f) = 7*f**3 - 13*f**2 - 7*f + 7. Let g(z) = -3*z**3 + 6*z**2 + 3*z - 3. Let o(s) = 9*g(s) + 4*j(s). Let l be o(-3). Give a(l).
-4
Let o(z) = -z + 13. Let u be o(16). Let m(v) = 3*v + 1. What is m(u)?
-8
Let f(u) = u**2 - 7*u + 3. Let p be f(7). Let x(t) be the first derivative of -t**4/4 + 2*t**3/3 + t**2 - t - 5. What is x(p)?
-4
Let q = 96 - 103. Let y(j) = j**2 + 9*j - 6. Let n(v) = v. Let s(h) = 3*n(h) - y(h). Let f be s(q). Let t(k) = 9*k**2 - 2*k - 1. Give t(f).
10
Let a(d) be the first derivative of 8*d**3/3 + d**2/2 + 2. Give a(-1).
7
Let y(a) = a**2 + 6*a - 1. Let u(v) = -v**2 - 6*v + 2. Let j(w) = -7*u(w) - 6*y(w). Give j(-6).
-8
Let i(h) be the third derivative of 0*h - 5/24*h**4 + 0 + 1/60*h**5 + 1/2*h**3 - 3*h**2. Let m be i(3). Let j(k) = -k**2 - 7*k - 2. Give j(m).
10
Let d(j) = -3*j**2 - 2*j. Suppose -3 = -3*v - 21. Let r = 4 + v. Determine d(r).
-8
Let r(a) be the second derivative of a**6/144 + a**4/6 - 2*a. Let z(o) be the third derivative of r(o). Let s = -5 - -6. What is z(s)?
5
Suppose -5 = 5*o + r - 0*r, 1 = -o - 3*r. Suppose 3*p + 6 = 4*p. Let a(v) = -4*v - 3*v + p*v - 1 + v**2 - 6*v**3. Calculate a(o).
7
Let y(z) = -9*z**3 - 5*z**2 + 4*z + 9. Let q(r) = 5*r**3 + 3*r**2 - 2*r - 5. Let v(c) = 11*q(c) + 6*y(c). Determine v(-2).
-1
Let q(x) = -x**2 + x - 1. Let i be ((-4)/(-1 + 3))/1. Let p = 4 + i. Calculate q(p).
-3
Let r(a) = -2*a + a**2 + 0*a**2 + 1 - 3*a**2. Give r(-2).
-3
Suppose 0*f + 4*f - 8 = 0. Let r = -2 + f. Let b(m) = m**3 + m**2 - 1. Determine b(r).
-1
Let j(g) = -g**2 - 8*g + 7. Let h be -14*4/4*(-2)/(-4). What is j(h)?
14
Suppose -4*x = 0, 3*x = m - 2*m - 4. Let i(s) be the second derivative of -s**4/6 - s**3 + 3*s. Determine i(m).
-8
Suppose -w + 5*w = 5*g - 60, 0 = -w. Suppose 0*n + g = -4*n. Let p(u) = -u**2 - u + 4. Determine p(n).
-2
Suppose 12 = -5*x - 3. Let a be -4 + 10 + (-1 - 1). Let v(c) = 1 + a*c**2 - 2*c + 1 - c**2 + c**3. Give v(x).
8
Suppose -8*t + 3*t - j = -16, -5*j = 20. Let q(g) be the first derivative of -g**4/4 + 2*g**3 - 3*g**2 - 3. What is q(t)?
8
Let b(y) = -11 + 6*y**2 - 4*y**2 - y**2 + y**3 - y. What is b(0)?
-11
Let o = 38 + -34. Let m(y) = y**2 - 5*y. What is m(o)?
-4
Suppose 4*o + 2*b = 6*b, -6 = -2*o + 5*b. Let x(r) = 4*r + 3. Let y be x(o). Let f(v) = 51*v**2 - 52*v**2 - 7*v + 2*v - 5. Give f(y).
-5
Suppose -1 = 3*r - 10. Suppose -13 = -r*p + 5*p - 3*v, -3*p + v - 2 = 0. Let o(h) = 4*h**2 + 2*h + 0 - 1 + h**3 - 5*h**2. Calculate o(p).
1
Let q = -70 + 65. Let y(h) = h**3 + 6*h**2 + 6*h - 6. Give y(q).
-11
Let p(j) = 2*j + 9. Suppose -20 - 4 = 3*d. Let w = d + 1. Let m be p(w). Let f(r) = r**3 + 4*r**2 - 5*r - 6. Determine f(m).
-6
Let m(b) = 36*b**2 + b - 1. Let t(y) = -y**2. Let d(z) = m(z) + 6*t(z). Determine d(1).
30
Let r(o) = 1 + o + 21*o**2 - 1 - 20*o**2. What is r(0)?
0
Let v(k) = -6*k**2 - k - 5. Let x(b) = 6*b**2 + b + 4. Let h(n) = -4*v(n) - 5*x(n). Calculate h(1).
-7
Let g(o) = o**2 - 4*o - 1. Let h be g(3). Let s(k) = -k**2 + 3*k + 5. Let r(f) = 2*f**2 - 5*f - 9. Let a(i) = 6*r(i) + 11*s(i). Determine a(h).
5
Suppose 5*s - 14 = -k, -5*k - 17 + 39 = s. Let m(y) = 0*y + y**3 - 2*y**3 - 4*y**s - y. Suppose 4*o = 2*o - 6. What is m(o)?
-6
Let f(u) = u**3 - 4*u**2 - 3*u + 3. Let c be f(4). Let g = -11 - c. Let v(h) = h + 1. Determine v(g).
-1
Let r(t) = -2*t**2 + 6*t - 5. Let b be r(3). Let p(y) be the first derivative of 2*y**2 - 1/4*y**4 - 4/3*y**3 + 3*y + 1. Give p(b).
8
Let v(u) = u**3 - 4*u**2 - u + 5. Let l be v(4). Let r(t) = -7*t**2 - 3*t + 0 + l + 7*t - 2*t. Calculate r(-1).
-8
Let c(t) = -t + 2. Suppose 4*x + 0*x = -44. Let w = x + 5. Calculate c(w).
8
Let h(p) = 2*p - 7 + 13 - p. Determine h(-6).
0
Let d(n) be the third derivative of -n**4/24 + n**3 - n**2 - 20*n. Determine d(9).
-3
Let o(a) = a**3 - 5*a**2 - 2*a + 4. Let n be o(5). Let g(r) = -6*r + 0*r - 2*r**2 + 19 - 22 + r**2. Determine g(n).
-3
Let l = 51 - 36. Suppose 0 = -3*r - 0*r. Suppose r*f - l = -3*f. Let g(u) = -u**2 + 5*u - 5. Give g(f).
-5
Let q(d) = -d**3 + d**2 + 2*d + 1. Let a be ((-1)/2)/(9/18). Give q(a).
1
Let d(y) = y**3 - y**2 - y. Let p = -25 - -24. Calculate d(p).
-1
Let f(u) = -2*u - 9. Let z be f(-6). Let s(c) = 3*c - 3*c**2 + 2 - 3*c**3 - 2*c**3 + 4*c**z - 4*c. Give s(-2).
0
Let b(j) = -47*j**2 + 96*j**2 + 7 + 8*j - 48*j**2. Calculate b(-7).
0
Suppose -3*u - 2*l + 70 = 0, 10 = 2*l - 0*l. Suppose -4*v + u = 0, -i - 14 = 2*i - 4*v. Let c(d) = i - 2 + d. What is c(-2)?
-2
Let p(l) be the first derivative of -l**2/2 + 8*l + 9. Calculate p(-6).
14
Let g(b) be the first derivative of -b*